+ 3*v - 26, m - 7 = -0*v - 3*v. Calculate the remainder when 2/7 - 1527/(-21) is divided by m.
16
Suppose u = 419 + 7. Suppose 0 = -3*d + 5*m + 170, m = 5*d - u + 128. Suppose 0 = -5*q + d - 15. Calculate the remainder when 23 is divided by q.
5
Let p = -13 + 17. Suppose -4*n = -8, p*w + 0*n - 5*n = 2. Suppose 3*h - w*b - 75 = -0*b, -b = -4*h + 97. Calculate the remainder when 93 is divided by h.
21
Let m(f) be the first derivative of -8 + 11*f - 11/3*f**3 - 7/2*f**2 - 1/4*f**4. What is the remainder when m(-11) is divided by 30?
28
Suppose 25190 = 40*q - 18*q. What is the remainder when q is divided by 18?
11
Suppose -2*r - 5*b + 174 = 0, 3*b = -r - 0*b + 89. Let k be 578/2 - -2 - (-6)/2. Let u = 320 - k. What is the remainder when r is divided by u?
25
Let h = 3 - 426. Let d = -404 - h. Calculate the remainder when 36 is divided by d.
17
Let x(l) = -24*l. Let r be x(1). Calculate the remainder when (-1)/(r/(-186))*-4 is divided by 8.
7
Let a be -4 + 0 - (-63)/7. Suppose 2*j - 5*z - 19 = 3*j, 0 = a*j + 4*z - 10. Calculate the remainder when j is divided by 6.
0
Suppose -18*i = -10*i - 40. Suppose 0 = -i*j - 3*d + 425, 0*d - d - 405 = -5*j. Calculate the remainder when j is divided by 22.
16
Let g(o) = -o**2 - 12*o - 25. Let r be g(-3). Suppose 7 - 4 = -r*w + 3*u, 0 = -5*w + 5*u. Calculate the remainder when 11 is divided by w.
2
Suppose -r - 4*r + 4*a = -140, -2*r + 74 = 2*a. Suppose -176*z + 59466 = 11*z. What is the remainder when z is divided by r?
30
Let q(i) = 3*i + 5*i - 9*i + 1 + 33*i**2. Suppose -7*y = -13 - 71. What is the remainder when q(1) is divided by y?
9
Suppose -5*j - 5*t = -45, 16 = 2*t + 2*t. Suppose -10 = -j*r + 10. Suppose -l - r*z - 44 = -5*l, -z + 5 = 0. What is the remainder when 61 is divided by l?
13
Suppose -3268*z + 3298*z = -630. Let k be 2/7 + (-1002)/(-21). Let j = z + k. Calculate the remainder when j is divided by 14.
13
Let o = -187 - -40. Suppose -2*y - 4*y = -78. Calculate the remainder when o/((-15)/5) - -1 is divided by y.
11
Let t be (14/(-63))/((-4)/18). Let y be (-3 + 1)*t*-16. Suppose -2*i = -4*i + y. Calculate the remainder when 30 is divided by i.
14
Suppose -30*a = -31*a + 9. Suppose a*m = -8*m + 1088. Calculate the remainder when 446 is divided by m.
62
Suppose 0 = -6*r + 8*r - 32. Let w(n) = -2*n - 5*n + r*n + 1 + n**2 + 0. Calculate the remainder when 108 is divided by w(-12).
34
Suppose 0 = -2*b + 2*v + 16, 6*v = 7*v + 4. Suppose 5*t + 2 - 254 = b*x, -t = -x - 51. Suppose 0*z + t = 4*z. Calculate the remainder when 45 is divided by z.
9
Suppose -4*l - 8*z + 3*z = -139, 175 = 5*l + 5*z. Suppose 26*u - l = 23*u. Let o(d) = -31*d**3 - d**2. What is the remainder when o(-1) is divided by u?
6
Calculate the remainder when 1013 is divided by (0 + (-15)/5)/(21/(-273)).
38
Suppose -4 = -c - j, -j - 2*j = -3*c + 36. Let q = c - -6. What is the remainder when (2 - -10) + (50 - 9) is divided by q?
11
Let k = -20170 + 20216. Calculate the remainder when 419 is divided by k.
5
Let q(d) = -5*d - 5*d**2 - 7 + 3*d**3 + 20 + 6. Suppose -17*s + 76 = 2*s. What is the remainder when q(s) is divided by 7?
6
Let t(u) = u**2 + 11*u + 10. Let c = 43 + -29. Suppose -c = -3*o + 4. Calculate the remainder when t(-11) is divided by o.
4
Suppose -2*w - 4*w = -54. Let v(y) = -63*y - 288. What is the remainder when (202/(-3))/((-6)/w) is divided by v(-5)?
20
Let b(d) = -d**3 - 12*d**2 - 20*d + 9. Let x be b(-10). Suppose -6*j + x*j + 2*u = 71, -5*j + 5*u = -85. What is the remainder when 309 is divided by j?
15
Suppose -12 + 40 = h + t, 0 = -2*h - 5*t + 47. Let i(o) = 46*o**2 + o + 2. What is the remainder when i(-1) is divided by h?
16
Suppose -29*j + 29860 = 773. What is the remainder when j is divided by 201?
199
Suppose 3*m - 12 = 0, -2*b + 26*m + 96 = b + 29*m. Suppose -85 = -i + h, 0 = -4*h + 8 - 24. Calculate the remainder when i is divided by b.
25
Let b = -6448 + 6501. Calculate the remainder when 185 is divided by b.
26
Calculate the remainder when 428*5/(300/105) is divided by 53.
7
Let f(c) = 7*c + 19. Let v = -45 - -43. Let w(r) = -r**3 + 5*r**2 + 6*r + 6. Calculate the remainder when w(6) is divided by f(v).
1
Calculate the remainder when 333 is divided by 5*392/84*(-18)/(-10).
39
Suppose -3*z - 37 = -172. Let d be (-13)/(-4) + (z/(-12))/(-5). Calculate the remainder when ((-13)/(-2))/(2/d) is divided by 4.
1
Let k be (-1242)/12*(-3)/((-18)/(-4)). Let i = 76 - k. What is the remainder when (-10 + 6)/(-8) - (-66)/4 is divided by i?
3
Let b(l) = -l**2 + 17*l - 44. Let i = -25 + 23. What is the remainder when b(9) is divided by 6 - (i - (-8)/(-4))?
8
Let v be ((-4)/6)/2*-3. Let n be (18/(-27))/(v/(-3)). What is the remainder when 54 is divided by n/(3/4*(-16)/(-72))?
6
Let l = 722 - 317. Let k = l - 224. Calculate the remainder when k is divided by 61.
59
What is the remainder when 1532 is divided by (-18)/12 + (-7)/2 + 23?
2
Let q(g) = -127*g**3 + 2*g**2 + g - 1. Suppose 0 = -2*o - r + 4*r - 2, -o - 1 = -3*r. What is the remainder when q(o) is divided by 16?
15
Calculate the remainder when 607 is divided by (99/(-22) + 5)/((-2)/(-40)).
7
Suppose 15 - 5 = 5*i, 5*i + 155 = 5*c. Let k(x) = 2*x - 24. Let t be k(0). Let y = -5 - t. What is the remainder when c is divided by y?
14
Let i(r) = -87*r + 1. Let h be i(-1). Suppose -3*p = -5*w - h, -w - 4 = -5*w. Let x = -5799 - -5889. Calculate the remainder when x is divided by p.
28
Suppose -16 = -3*n - 0*n + 5*r, 2*n = -5*r - 31. Calculate the remainder when 16 is divided by (n - 0)*(-20)/6.
6
Let b = -22581 + 22599. Calculate the remainder when 326 is divided by b.
2
Suppose -4*o = 3*o - 2905. Suppose -5*c = 4*h - o, 4*h - 425 = -5*c + 2*h. Let w = c - 37. Calculate the remainder when 197 is divided by w.
47
Suppose 4*g = 4*y - 300, 6*g + 2 = 4*g. What is the remainder when 1244 is divided by y?
60
Suppose 36 = 16*f - 300. Suppose -2*o + 2*b = -14, -2*b + 17 = 5*o - 18. What is the remainder when f is divided by o?
0
Suppose 3*j + 327 = 4*u, -11*j = -15*j - 20. Calculate the remainder when u is divided by 33*(5 - 1 - 3).
12
Suppose -9*f - 1056 = 663. Let j = 135 + f. Let m = -34 - j. What is the remainder when 64 is divided by m?
20
Let k = 8 - 4. Suppose 235 = 3*n - k*q, -n + 403 = 4*n - q. What is the remainder when n is divided by 21?
18
Suppose -2*h + 0*m = m - 30, 5*h - 82 = m. Suppose -11*v + 709 = h. What is the remainder when v is divided by -1 - (9 - 42)*(2 - 1)?
31
Suppose 5*m + 5 - 12 = -z, -10 = -2*m + 2*z. Suppose 5*p = -5, -2*f + 44 - 12 = -m*p. Calculate the remainder when 419 is divided by f.
14
Suppose -g = 3*w - 647, 2*g - 646 = -15*w + 12*w. Suppose 4*f + 20 - w = 0. Let a = 7 - -6. What is the remainder when f is divided by a?
10
Let m(n) = n**2 + 15*n + 38. Let f = 60 + -72. Let w be m(f). Suppose -3*g + 5 = -w*s - 8, 5*g - 29 = -4*s. What is the remainder when 29 is divided by g?
4
Let w(f) = f**2 + 47*f + 4. Let m be w(-15). Let p = -377 - m. What is the remainder when p is divided by 35?
29
Suppose 30*n - 31*n = 3*g + 1398, 2*g + 4*n + 922 = 0. Let c = 844 + g. Calculate the remainder when c is divided by 27.
26
Suppose -5*t + 15 = 0, -90 - 67 = 5*y + t. Let a be (y/40)/(6/(-315)). Suppose 2*z = 5*z - a. What is the remainder when 81 is divided by z?
11
What is the remainder when (-2 - 18/8)/((-9)/(-10512)*-4) is divided by 36?
17
Let t(j) = j**2 + 1. Let g = 203 - 197. What is the remainder when t(g) is divided by 12?
1
Suppose 0 = -2*x - 3*j + 87 + 323, 3*j - 202 = -x. Calculate the remainder when x is divided by 64.
16
Let q = 3800 - 3661. Calculate the remainder when q is divided by 21.
13
Let z be (1448 - (0 - 0))*3/6. Let s = z - 462. What is the remainder when s is divided by 66?
64
Suppose 3*o - 1 = 5, -o + 14 = r. Let a(h) = -h**3 + 11*h**2 + 16*h + 16. Let w be a(r). Let x = -27 + w. What is the remainder when x is divided by 11?
4
Let s = 1201 + -646. What is the remainder when s is divided by 28?
23
Let p(v) be the second derivative of v**5/20 - v**4/6 + v**3 - 7*v**2/2 - 39*v. Let a = 16 - 4. What is the remainder when p(3) is divided by a?
8
Let c = 7 - -12. What is the remainder when 3/60 - (-1399342)/4360 is divided by c?
17
Let q(s) = s**3 + 10*s**2 - 29*s - 26. Let m be q(-13). Let b = m + 55. Let l = -82 - b. What is the r